late the remainder when -5*2*(0/2 - 2) is divided by 7.
6
Suppose -4*t = -19 - 33. Let a(r) = 10*r**2 - r - 1. Suppose 0*n - n = -2. Calculate the remainder when a(n) is divided by t.
11
Suppose g = n - 106, n + 0*g - 118 = 5*g. Calculate the remainder when n is divided by 26.
25
Suppose 0 = 40*k - 43*k + 9. What is the remainder when 15 is divided by k?
0
Suppose -2*w = -3*w + 8. Calculate the remainder when 21 is divided by w.
5
Let c(b) = 5*b + 17. Calculate the remainder when c(4) is divided by 14.
9
Calculate the remainder when 22/(-121) + 959/11 is divided by 22.
21
Let i(x) = -6*x - 18. Calculate the remainder when 86 is divided by i(-8).
26
Suppose 6 = -3*m - 2*q, -q = 2*m - 0*m + 4. Calculate the remainder when 28 is divided by 3/((-34)/20 - m).
8
Suppose -10*h = -5*h - 295. What is the remainder when h is divided by 18?
5
Let b(g) = -g**2 - 11*g + 24. Calculate the remainder when b(-10) is divided by 9.
7
What is the remainder when 53 is divided by (11/(3/6*-2))/(-1)?
9
Let p(l) = -3*l + 1 + 4*l + 1. Suppose 4*y - 30 = 2*n, 2*n + n = -5*y + 21. Calculate the remainder when p(y) is divided by 5.
3
Let x(a) be the second derivative of -a**5/20 - a**4/2 - 2*a**3/3 - 3*a**2/2 - 4*a. What is the remainder when x(-7) is divided by 25?
24
Suppose 4*p - 2*c = 18, -35 = -5*p + 2*c + 3*c. What is the remainder when 45 is divided by 0 - ((-50)/p + 2)?
22
Suppose 22 = -4*f - 2*j, -5*j + 9 - 32 = 2*f. Let u = 7 + f. Suppose 7 = -u*z - 5*h + 54, 4*z + h = 74. What is the remainder when z is divided by 7?
5
Suppose -5*i - 91 = 3*o, -i - 29 = -o - 2*o. Suppose r + 16 = -5*q, -2*r + 2*q = 3*r + 53. Let j = r - i. What is the remainder when j is divided by 5?
4
Suppose 4*u - 169 = 19. Suppose -5*t = 2 - u. What is the remainder when 17 is divided by t?
8
Let c = -78 - -97. Suppose -4*q + 12 = -8. Suppose -q*b + 2*b = -33. What is the remainder when c is divided by b?
8
Suppose 0 = 3*p + 3*i, 6 = 3*p + 2*i - i. Suppose -3*q + 0*q - 24 = -3*c, 3*q = 2*c - 21. What is the remainder when c is divided by p?
0
Let n = -30 - -67. Suppose 8 = -4*p, n = 3*a - 0*a - 5*p. Calculate the remainder when 26 is divided by a.
8
Let d be 2*((-5)/2)/5. Let s = d - 0. Calculate the remainder when 2 - (0/s + 0) is divided by 1.
0
Let s(w) = -2*w**3 - 5*w**2 + 7. What is the remainder when s(-3) is divided by 6?
4
Let h be (10/8)/(1/4). Suppose h*k = 166 - 36. What is the remainder when k is divided by 14?
12
Suppose 3*v + 129 = 2*t + 2*v, -4*t + 263 = -3*v. What is the remainder when t is divided by 17?
11
Let v(m) = -m + 40. What is the remainder when 63 is divided by v(18)?
19
Let n(x) = -3*x + 1. Suppose 6 = 8*y - 74. Calculate the remainder when y is divided by n(-1).
2
Suppose -u + 50 = -2. Calculate the remainder when u is divided by 30.
22
Let j = 10 + -5. Suppose 10 + 2 = 2*n. Let z = n + 3. What is the remainder when z is divided by j?
4
Let z(y) = -y**3 + 7*y**2 - 6*y + 2. Let x be z(6). Suppose 0 = -2*a + 5*w + 62, 2*a - x*w - w = 58. Calculate the remainder when a is divided by 9.
8
Let z = 44 - 24. Suppose 64 = -2*r + z. Let w = -13 - r. Calculate the remainder when 17 is divided by w.
8
Let l = 53 - 86. What is the remainder when (l/2)/(3/(-4)) is divided by 8?
6
Let g(c) = c**2 - 5*c + 4. Let r be g(6). Let m = r - 4. Let j = 37 - 20. Calculate the remainder when j is divided by m.
5
Calculate the remainder when (24/(-10))/(27/(-450)) is divided by 3.
1
Suppose -4*v - 6 = 2*z - z, 0 = z - v - 14. What is the remainder when 57 is divided by z?
7
Suppose -h = -3*f - 22, -f = -2*h - h + 50. What is the remainder when (-121)/(-4) - 2/8 is divided by h?
14
Calculate the remainder when (8/12)/((-6)/(-45)) is divided by 3.
2
Let x(y) = y**3 + 8*y**2 + 2*y - 5. What is the remainder when 118 is divided by x(-7)?
28
Let u(n) = 2*n + 3. Calculate the remainder when u(3) is divided by 4.
1
Let v(y) = 0 + y**2 + 3*y - 5*y - 1 - 3*y. Calculate the remainder when 104 is divided by v(-4).
34
Let c(q) = -q**2 + q. Let y(f) = 15*f**2 - 3*f + 2. Let h(o) = 2*c(o) + y(o). What is the remainder when (-211)/(-4) - (-1)/4 is divided by h(1)?
11
Suppose -3*k = -67 - 86. Calculate the remainder when k is divided by (26/5)/(6/15).
12
Let m = 8 - 2. Let c = 23 - 6. Calculate the remainder when c is divided by m.
5
Let l = -51 + 96. Let b = 3 - -20. Calculate the remainder when l is divided by b.
22
Let t(j) = -2*j + 15. What is the remainder when t(-10) is divided by 19?
16
Suppose 5*s - 175 = -0*s. Suppose -4*a + 3*b + s = 0, a - 5*b = -a + 21. Let t = 5 + a. Calculate the remainder when 24 is divided by t.
11
Suppose 2*d = 4*t + d - 5, 15 = -3*d. Let k be t + -82 + 1 - -1. What is the remainder when (4/10)/((-2)/k) is divided by 6?
4
Suppose -f = -3*f - 66. Let z = 59 + f. Let u = z + 15. What is the remainder when u is divided by 14?
13
Let w(g) = g**3 + 4*g**2 - 4*g + 7. Let o be w(-5). Suppose -3*t + 45 = o*t. What is the remainder when t is divided by (-2)/7 + (-220)/(-35)?
3
Suppose 0 = -2*p - 2*s + 84 + 80, -5*s = 3*p - 240. What is the remainder when p is divided by 22?
19
Suppose 2*l = -g + 3*g + 64, -5 = -5*g. What is the remainder when 129 is divided by l?
30
Let p be -3 + (3*32)/1. Suppose 0 = 2*m + m - p. Let u(b) = -b**3 + 4*b**2 + 4*b. What is the remainder when m is divided by u(4)?
15
Suppose 0 = -3*r + w + 40, 3*w + 32 = 4*r + 7*w. Let c = r - 8. Calculate the remainder when 6 is divided by c.
2
Let q(a) = -a - 7. Suppose 2*l = 3*b - 17, 3*b - 31 = -7*l + 2*l. Let d be q(b). What is the remainder when 13 is divided by 2/7 + (-94)/d?
6
Let g(r) = -r**3 + 23*r**2 - 21*r - 2. Suppose 5*s - 2*d - 194 = 0, 5*s - 5*d - 48 = 4*s. Calculate the remainder when s is divided by g(22).
18
Let h(t) = -t**2 - 2*t - 1. Let x be h(-1). Calculate the remainder when 43 is divided by (-22 + x)/(0 + -2).
10
Let o be (-1 - -3)*-1 - -44. Calculate the remainder when 26 is divided by (o/(-8))/((-3)/8).
12
Suppose 0 = -4*q + 22 + 26. Suppose 1740 = 17*p + 13*p. Calculate the remainder when p is divided by q.
10
Let m(f) = -f**2 - 8*f + 1. What is the remainder when m(-8) is divided by 1?
0
Let k(b) = -b**3 + 2*b**2 + 2*b - 3. Let j be k(2). Let g(s) = 9*s + 1. Let q = 13 + -7. Calculate the remainder when g(j) is divided by q.
4
Suppose 0 = f + 4*p + 56, -290 = 5*f + 4*p - 10. What is the remainder when (-16)/f - 108/(-14) is divided by 3?
2
Let h be ((-2)/(-7))/((-2)/(-14)). Suppose 0 = -h*r + 6*r - 36. Calculate the remainder when r is divided by 4.
1
Let z be (-17)/(-3) - (-3)/9. Suppose f - u = 3*f - z, -u - 10 = -2*f. Calculate the remainder when 15 is divided by f.
3
Let u = 6 + -5. Let g = -12 + 21. Calculate the remainder when g is divided by 6*u/2 + 0.
0
Suppose -n = 3*n - 420. What is the remainder when (14/21)/(2/n) is divided by 9?
8
Let c = -3 - -6. Suppose c*b = 4*a + 105, -5*a - 76 = -b + 58. Let h = 7 - a. What is the remainder when h is divided by 18?
16
Calculate the remainder when 0 + -1 + 153/9 is divided by 2.
0
What is the remainder when 6/2 - (-11 - 6) is divided by 7?
6
Suppose -3*u - 2 = -8. Suppose -5*y - 4*s + 89 = 0, -2*s - 83 = u*y - 7*y. What is the remainder when y is divided by 10?
7
Let b = -19 + 0. Let a = 38 + b. Calculate the remainder when a is divided by 7.
5
Suppose 4*p + 0*p = 76. Calculate the remainder when p is divided by 16.
3
Let h(f) = 32*f - 17. What is the remainder when h(2) is divided by 17?
13
Calculate the remainder when 31/(-2)*(3 + -5) is divided by 11.
9
Let l = 30 - -125. Let o be l/(-1)*14/(-35). Suppose -3*j + o + 4 = 0. Calculate the remainder when 65 is divided by j.
21
Let d(t) = t**3 - 5*t**2 - 11*t - 11. Calculate the remainder when 17 is divided by d(7).
7
Suppose -s = -5*p + 279, -3*p + s + 3*s = -181. What is the remainder when p is divided by 28?
27
Suppose 26 = f + f. Suppose 3*s = f + 2. What is the remainder when 14 is divided by s?
4
Suppose 2*s = -5 + 25. Calculate the remainder when -1*(0 + 120/(-4)) is divided by (24/s)/((-6)/(-20)).
6
Let j(c) = -3*c**2 + 13*c + 8. Let l(u) = 8*u**2 - 38*u - 24. Let a(h) = 11*j(h) + 4*l(h). What is the remainder when 37 is divided by a(-6)?
7
Suppose 800 = -0*u + 5*u. Suppose -5*y + u = -90. Let w = 9 + 8. What is the remainder when y is divided by w?
16
Suppose -4*g + l = -7